{"id":19,"date":"2024-08-05T15:35:51","date_gmt":"2024-08-05T13:35:51","guid":{"rendered":"https:\/\/permaconcept69.fr\/?page_id=19"},"modified":"2024-08-05T15:35:51","modified_gmt":"2024-08-05T13:35:51","slug":"societes","status":"publish","type":"page","link":"https:\/\/permaconcept69.fr\/index.php\/societes\/","title":{"rendered":"Soci\u00e9t\u00e9s"},"content":{"rendered":"\n<p>Dans une tribune au \u00ab\u00a0Monde\u00a0\u00bb, le s\u00e9nateur Les R\u00e9publicains juge qu\u2019Emmanuel Macron doit nommer sans tarder une personnalit\u00e9 ind\u00e9pendante et exp\u00e9riment\u00e9e \u00e0 Matignon. La France r\u00e9clame un premier ministre qui ne soit plus le subordonn\u00e9 du pr\u00e9sident, mais le chef d\u2019un gouvernement autonome sachant \u00e9couter le Parlement.<\/p>\n\n\n\n<p><\/p>\n","protected":false},"excerpt":{"rendered":"<p>Dans une tribune au \u00ab\u00a0Monde\u00a0\u00bb, le s\u00e9nateur Les R\u00e9publicains juge qu\u2019Emmanuel Macron doit nommer sans tarder une personnalit\u00e9 ind\u00e9pendante et exp\u00e9riment\u00e9e \u00e0 Matignon. La France r\u00e9clame un premier ministre qui ne soit plus le subordonn\u00e9 du pr\u00e9sident, mais le chef d\u2019un gouvernement autonome sachant \u00e9couter le Parlement.<\/p>\n","protected":false},"author":1,"featured_media":0,"parent":0,"menu_order":0,"comment_status":"closed","ping_status":"closed","template":"","meta":{"footnotes":""},"class_list":["post-19","page","type-page","status-publish","hentry"],"yoast_head":"<!-- This site is optimized with the Yoast SEO plugin v27.3 - https:\/\/yoast.com\/product\/yoast-seo-wordpress\/ -->\n<title>Soci\u00e9t\u00e9s - Perma Concept<\/title>\n<meta name=\"robots\" content=\"index, follow, max-snippet:-1, max-image-preview:large, max-video-preview:-1\" \/>\n<link rel=\"canonical\" href=\"https:\/\/permaconcept69.fr\/index.php\/societes\/\" \/>\n<meta property=\"og:locale\" content=\"en_US\" \/>\n<meta property=\"og:type\" content=\"article\" \/>\n<meta property=\"og:title\" content=\"Soci\u00e9t\u00e9s - Perma Concept\" \/>\n<meta property=\"og:description\" content=\"Dans une tribune au \u00ab\u00a0Monde\u00a0\u00bb, le s\u00e9nateur Les R\u00e9publicains juge qu\u2019Emmanuel Macron doit nommer sans tarder une personnalit\u00e9 ind\u00e9pendante et exp\u00e9riment\u00e9e \u00e0 Matignon. La France r\u00e9clame un premier ministre qui ne soit plus le subordonn\u00e9 du pr\u00e9sident, mais le chef d\u2019un gouvernement autonome sachant \u00e9couter le Parlement.\" \/>\n<meta property=\"og:url\" content=\"https:\/\/permaconcept69.fr\/index.php\/societes\/\" \/>\n<meta property=\"og:site_name\" content=\"Perma Concept\" \/>\n<meta name=\"twitter:card\" content=\"summary_large_image\" \/>\n<script type=\"application\/ld+json\" class=\"yoast-schema-graph\">{\"@context\":\"https:\\\/\\\/schema.org\",\"@graph\":[{\"@type\":\"WebPage\",\"@id\":\"https:\\\/\\\/permaconcept69.fr\\\/index.php\\\/societes\\\/\",\"url\":\"https:\\\/\\\/permaconcept69.fr\\\/index.php\\\/societes\\\/\",\"name\":\"Soci\u00e9t\u00e9s - Perma Concept\",\"isPartOf\":{\"@id\":\"https:\\\/\\\/permaconcept69.fr\\\/#website\"},\"datePublished\":\"2024-08-05T13:35:51+00:00\",\"breadcrumb\":{\"@id\":\"https:\\\/\\\/permaconcept69.fr\\\/index.php\\\/societes\\\/#breadcrumb\"},\"inLanguage\":\"en-US\",\"potentialAction\":[{\"@type\":\"ReadAction\",\"target\":[\"https:\\\/\\\/permaconcept69.fr\\\/index.php\\\/societes\\\/\"]}]},{\"@type\":\"BreadcrumbList\",\"@id\":\"https:\\\/\\\/permaconcept69.fr\\\/index.php\\\/societes\\\/#breadcrumb\",\"itemListElement\":[{\"@type\":\"ListItem\",\"position\":1,\"name\":\"Accueil\",\"item\":\"https:\\\/\\\/permaconcept69.fr\\\/\"},{\"@type\":\"ListItem\",\"position\":2,\"name\":\"Soci\u00e9t\u00e9s\"}]},{\"@type\":\"WebSite\",\"@id\":\"https:\\\/\\\/permaconcept69.fr\\\/#website\",\"url\":\"https:\\\/\\\/permaconcept69.fr\\\/\",\"name\":\"Perma Concept\",\"description\":\"Cultivons notre avenir !\",\"publisher\":{\"@id\":\"https:\\\/\\\/permaconcept69.fr\\\/#organization\"},\"potentialAction\":[{\"@type\":\"SearchAction\",\"target\":{\"@type\":\"EntryPoint\",\"urlTemplate\":\"https:\\\/\\\/permaconcept69.fr\\\/?s={search_term_string}\"},\"query-input\":{\"@type\":\"PropertyValueSpecification\",\"valueRequired\":true,\"valueName\":\"search_term_string\"}}],\"inLanguage\":\"en-US\"},{\"@type\":\"Organization\",\"@id\":\"https:\\\/\\\/permaconcept69.fr\\\/#organization\",\"name\":\"Perma Concept\",\"url\":\"https:\\\/\\\/permaconcept69.fr\\\/\",\"logo\":{\"@type\":\"ImageObject\",\"inLanguage\":\"en-US\",\"@id\":\"https:\\\/\\\/permaconcept69.fr\\\/#\\\/schema\\\/logo\\\/image\\\/\",\"url\":\"https:\\\/\\\/permaconcept69.fr\\\/wp-content\\\/uploads\\\/2024\\\/08\\\/cropped-cropped-cropped-logo-final.png\",\"contentUrl\":\"https:\\\/\\\/permaconcept69.fr\\\/wp-content\\\/uploads\\\/2024\\\/08\\\/cropped-cropped-cropped-logo-final.png\",\"width\":240,\"height\":240,\"caption\":\"Perma Concept\"},\"image\":{\"@id\":\"https:\\\/\\\/permaconcept69.fr\\\/#\\\/schema\\\/logo\\\/image\\\/\"}}]}<\/script>\n<!-- \/ Yoast SEO plugin. -->","yoast_head_json":{"title":"Soci\u00e9t\u00e9s - Perma Concept","robots":{"index":"index","follow":"follow","max-snippet":"max-snippet:-1","max-image-preview":"max-image-preview:large","max-video-preview":"max-video-preview:-1"},"canonical":"https:\/\/permaconcept69.fr\/index.php\/societes\/","og_locale":"en_US","og_type":"article","og_title":"Soci\u00e9t\u00e9s - Perma Concept","og_description":"Dans une tribune au \u00ab\u00a0Monde\u00a0\u00bb, le s\u00e9nateur Les R\u00e9publicains juge qu\u2019Emmanuel Macron doit nommer sans tarder une personnalit\u00e9 ind\u00e9pendante et exp\u00e9riment\u00e9e \u00e0 Matignon. La France r\u00e9clame un premier ministre qui ne soit plus le subordonn\u00e9 du pr\u00e9sident, mais le chef d\u2019un gouvernement autonome sachant \u00e9couter le Parlement.","og_url":"https:\/\/permaconcept69.fr\/index.php\/societes\/","og_site_name":"Perma Concept","twitter_card":"summary_large_image","schema":{"@context":"https:\/\/schema.org","@graph":[{"@type":"WebPage","@id":"https:\/\/permaconcept69.fr\/index.php\/societes\/","url":"https:\/\/permaconcept69.fr\/index.php\/societes\/","name":"Soci\u00e9t\u00e9s - Perma Concept","isPartOf":{"@id":"https:\/\/permaconcept69.fr\/#website"},"datePublished":"2024-08-05T13:35:51+00:00","breadcrumb":{"@id":"https:\/\/permaconcept69.fr\/index.php\/societes\/#breadcrumb"},"inLanguage":"en-US","potentialAction":[{"@type":"ReadAction","target":["https:\/\/permaconcept69.fr\/index.php\/societes\/"]}]},{"@type":"BreadcrumbList","@id":"https:\/\/permaconcept69.fr\/index.php\/societes\/#breadcrumb","itemListElement":[{"@type":"ListItem","position":1,"name":"Accueil","item":"https:\/\/permaconcept69.fr\/"},{"@type":"ListItem","position":2,"name":"Soci\u00e9t\u00e9s"}]},{"@type":"WebSite","@id":"https:\/\/permaconcept69.fr\/#website","url":"https:\/\/permaconcept69.fr\/","name":"Perma Concept","description":"Cultivons notre avenir !","publisher":{"@id":"https:\/\/permaconcept69.fr\/#organization"},"potentialAction":[{"@type":"SearchAction","target":{"@type":"EntryPoint","urlTemplate":"https:\/\/permaconcept69.fr\/?s={search_term_string}"},"query-input":{"@type":"PropertyValueSpecification","valueRequired":true,"valueName":"search_term_string"}}],"inLanguage":"en-US"},{"@type":"Organization","@id":"https:\/\/permaconcept69.fr\/#organization","name":"Perma Concept","url":"https:\/\/permaconcept69.fr\/","logo":{"@type":"ImageObject","inLanguage":"en-US","@id":"https:\/\/permaconcept69.fr\/#\/schema\/logo\/image\/","url":"https:\/\/permaconcept69.fr\/wp-content\/uploads\/2024\/08\/cropped-cropped-cropped-logo-final.png","contentUrl":"https:\/\/permaconcept69.fr\/wp-content\/uploads\/2024\/08\/cropped-cropped-cropped-logo-final.png","width":240,"height":240,"caption":"Perma Concept"},"image":{"@id":"https:\/\/permaconcept69.fr\/#\/schema\/logo\/image\/"}}]}},"_links":{"self":[{"href":"https:\/\/permaconcept69.fr\/index.php\/wp-json\/wp\/v2\/pages\/19","targetHints":{"allow":["GET"]}}],"collection":[{"href":"https:\/\/permaconcept69.fr\/index.php\/wp-json\/wp\/v2\/pages"}],"about":[{"href":"https:\/\/permaconcept69.fr\/index.php\/wp-json\/wp\/v2\/types\/page"}],"author":[{"embeddable":true,"href":"https:\/\/permaconcept69.fr\/index.php\/wp-json\/wp\/v2\/users\/1"}],"replies":[{"embeddable":true,"href":"https:\/\/permaconcept69.fr\/index.php\/wp-json\/wp\/v2\/comments?post=19"}],"version-history":[{"count":1,"href":"https:\/\/permaconcept69.fr\/index.php\/wp-json\/wp\/v2\/pages\/19\/revisions"}],"predecessor-version":[{"id":20,"href":"https:\/\/permaconcept69.fr\/index.php\/wp-json\/wp\/v2\/pages\/19\/revisions\/20"}],"wp:attachment":[{"href":"https:\/\/permaconcept69.fr\/index.php\/wp-json\/wp\/v2\/media?parent=19"}],"curies":[{"name":"wp","href":"https:\/\/api.w.org\/{rel}","templated":true}]}}